 is the remainder when 1908 is divided by 66?
60
Calculate the remainder when 56 is divided by 3.
2
What is the remainder when 237 is divided by 8?
5
Calculate the remainder when 142 is divided by 9.
7
What is the remainder when 5730 is divided by 7?
4
What is the remainder when 10 is divided by 7?
3
What is the remainder when 966 is divided by 44?
42
Calculate the remainder when 1946 is divided by 33.
32
Calculate the remainder when 218 is divided by 127.
91
What is the remainder when 99 is divided by 35?
29
What is the remainder when 6669 is divided by 278?
275
Calculate the remainder when 693 is divided by 100.
93
What is the remainder when 958 is divided by 121?
111
What is the remainder when 3447 is divided by 10?
7
Calculate the remainder when 2061 is divided by 59.
55
What is the remainder when 341 is divided by 57?
56
Calculate the remainder when 43 is divided by 18.
7
What is the remainder when 80 is divided by 14?
10
What is the remainder when 416 is divided by 147?
122
What is the remainder when 96 is divided by 30?
6
What is the remainder when 173 is divided by 45?
38
What is the remainder when 4706 is divided by 17?
14
Calculate the remainder when 26649 is divided by 205.
204
Calculate the remainder when 246 is divided by 213.
33
Calculate the remainder when 254 is divided by 41.
8
What is the remainder when 18951 is divided by 78?
75
Calculate the remainder when 666 is divided by 132.
6
What is the remainder when 18 is divided by 6?
0
Calculate the remainder when 289 is divided by 51.
34
What is the remainder when 123 is divided by 30?
3
Calculate the remainder when 40 is divided by 29.
11
Calculate the remainder when 649 is divided by 81.
1
What is the remainder when 1221 is divided by 17?
14
Calculate the remainder when 2936 is divided by 33.
32
Calculate the remainder when 459 is divided by 50.
9
Calculate the remainder when 567 is divided by 58.
45
What is the remainder when 1321 is divided by 147?
145
Calculate the remainder when 1297 is divided by 25.
22
What is the remainder when 120 is divided by 39?
3
Calculate the remainder when 81 is divided by 66.
15
Calculate the remainder when 181 is divided by 38.
29
What is the remainder when 173 is divided by 37?
25
Calculate the remainder when 362 is divided by 26.
24
What is the remainder when 17 is divided by 8?
1
Calculate the remainder when 667 is divided by 22.
7
What is the remainder when 2451 is divided by 304?
19
Calculate the remainder when 561 is divided by 115.
101
What is the remainder when 8118 is divided by 23?
22
Calculate the remainder when 243 is divided by 37.
21
Calculate the remainder when 54 is divided by 5.
4
What is the remainder when 3076 is divided by 17?
16
What is the remainder when 1654 is divided by 23?
21
Calculate the remainder when 127 is divided by 43.
41
What is the remainder when 1058 is divided by 184?
138
Calculate the remainder when 60 is divided by 38.
22
What is the remainder when 3707 is divided by 85?
52
Calculate the remainder when 660 is divided by 89.
37
Calculate the remainder when 842 is divided by 141.
137
Calculate the remainder when 137 is divided by 10.
7
Calculate the remainder when 58 is divided by 11.
3
Calculate the remainder when 155 is divided by 73.
9
What is the remainder when 897 is divided by 5?
2
Calculate the remainder when 954 is divided by 12.
6
What is the remainder when 13196 is divided by 75?
71
What is the remainder when 80 is divided by 28?
24
Calculate the remainder when 182 is divided by 27.
20
What is the remainder when 72 is divided by 31?
10
What is the remainder when 223 is divided by 50?
23
What is the remainder when 7139 is divided by 119?
118
Calculate the remainder when 134 is divided by 28.
22
Calculate the remainder when 734 is divided by 21.
20
Calculate the remainder when 83 is divided by 30.
23
Calculate the remainder when 3863 is divided by 49.
41
What is the remainder when 856 is divided by 66?
64
Calculate the remainder when 4749 is divided by 54.
51
What is the remainder when 31 is divided by 20?
11
Calculate the remainder when 118 is divided by 43.
32
What is the remainder when 17729 is divided by 62?
59
Calculate the remainder when 91 is divided by 34.
23
What is the remainder when 85 is divided by 44?
41
What is the remainder when 306 is divided by 152?
2
Calculate the remainder when 684 is divided by 49.
47
Calculate the remainder when 1367 is divided by 72.
71
Calculate the remainder when 5219 is divided by 58.
57
Calculate the remainder when 84 is divided by 47.
37
What is the remainder when 33 is divided by 4?
1
Calculate the remainder when 151 is divided by 37.
3
Calculate the remainder when 956 is divided by 107.
100
What is the remainder when 129 is divided by 11?
8
What is the remainder when 2630 is divided by 330?
320
What is the remainder when 950 is divided by 14?
12
Calculate the remainder when 1957 is divided by 30.
7
What is the remainder when 18204 is divided by 63?
60
What is the remainder when 137 is divided by 16?
9
Calculate the remainder when 4380 is divided by 14.
12
What is the remainder when 1151 is divided by 48?
47
Calculate the remainder when 66 is divided by 20.
6
What is the remainder when 65 is divided by 42?
23
What is the remainder when 13469 is divided by 8?
5
Calculate the remainder when 731 is divided by 39.
29
Calculate the remainder when 5829 is divided by 14.
5
What is the remainder when 10494 is divided by 64?
62
Calculate the remainder when 364 is divided by 34.
24
What is the remainder when 476 is divided by 6?
2
Calculate the remainder when 4161 is divided by 181.
179
What is the remainder when 15839 is divided by 233?
228
What is the remainder when 23825 is divided by 33?
32
Calculate the remainder when 6083 is divided by 52.
51
What is the remainder when 3962 is divided by 1316?
14
What is the remainder when 73 is divided by 38?
35
Calculate the remainder when 204 is divided by 114.
90
Calculate the remainder when 2934 is divided by 20.
14
Calculate the remainder when 2076 is divided by 13.
9
What is the remainder when 221 is divided by 56?
53
Calculate the remainder when 509 is divided by 25.
9
Calculate the remainder when 2392 is divided by 5.
2
What is the remainder when 63 is divided by 41?
22
What is the remainder when 501 is divided by 42?
39
Calculate the remainder when 5073 is divided by 562.
15
What is the remainder when 39 is divided by 21?
18
Calculate the remainder when 2207 is divided by 21.
2
Calculate the remainder when 1516 is divided by 39.
34
Calculate the remainder when 2872 is divided by 125.
122
Calculate the remainder when 2148 is divided by 196.
188
What is the remainder when 476 is divided by 48?
44
What is the remainder when 152 is divided by 81?
71
What is the remainder when 207 is divided by 71?
65
Calculate the remainder when 1074 is divided by 1036.
38
What is the remainder when 896 is divided by 155?
121
Calculate the remainder when 446 is divided by 30.
26
What is the remainder when 1352 is divided by 663?
26
Calculate the remainder when 10 is divided by 7.
3
What is the remainder when 143 is divided by 75?
68
What is the remainder when 453 is divided by 23?
16
Calculate the remainder when 1168 is divided by 204.
148
What is the remainder when 1630 is divided by 102?
100
Calculate the remainder when 52 is divided by 18.
16
Calculate the remainder when 86 is divided by 26.
8
Calculate the remainder when 296 is divided by 96.
8
What is the remainder when 5832 is divided by 5?
2
What is the remainder when 4709 is divided by 38?
35
What is the remainder when 1975 is divided by 90?
85
What is the remainder when 185 is divided by 60?
5
Calculate the remainder when 119 is divided by 20.
19
What is the remainder when 8232 is divided by 4104?
24
What is the remainder when 3845 is divided by 110?
105
What is the remainder when 605 is divided by 76?
73
Calculate the remainder when 78 is divided by 4.
2
Calculate the remainder when 2427 is divided by 16.
11
Calculate the remainder when 69 is divided by 69.
0
Calculate the remainder when 308 is divided by 52.
48
Calculate the remainder when 1527 is divided by 51.
48
Calculate the remainder when 233 is divided by 60.
53
What is the remainder when 190 is divided by 48?
46
Wha